
-2133
What is -11d (base 16) in base 12?
-1b9
What is -65156 (base 7) in base 9?
-24212
What is 1386 (base 9) in base 10?
1050
Convert 1041134 (base 5) to base 8.
43566
-d277 (base 16) to base 8
-151167
What is 1e73 (base 15) in base 2?
1100111101001
What is -4577 (base 9) in base 15?
-1011
758 (base 10) to base 11
62a
What is 333 (base 10) in base 7?
654
Convert 805 (base 12) to base 5.
14112
Convert 713 (base 11) to base 16.
35d
11100100 (base 2) to base 6
1020
What is -7024 (base 8) in base 16?
-e14
What is 100011011011 (base 2) in base 7?
6416
Convert -15510 (base 7) to base 2.
-1000100010000
What is -1100 (base 10) in base 3?
-1111202
12244 (base 5) to base 6
4221
-1110002111 (base 3) to base 10
-28498
Convert 11111 (base 3) to base 16.
79
What is 716 (base 8) in base 3?
122010
What is -15045 (base 7) in base 11?
-3132
Convert -1022201111 (base 3) to base 2.
-110010110111001
Convert -423544 (base 6) to base 10.
-34552
Convert 17a (base 16) to base 3.
112000
What is -2d6 (base 15) in base 9?
-803
What is 20221000 (base 3) in base 4?
1032321
What is 2634 (base 10) in base 3?
10121120
-36726 (base 8) to base 15
-4a55
Convert -1a7 (base 16) to base 5.
-3143
Convert -6036 (base 7) to base 8.
-4045
4414 (base 5) to base 13
37b
What is 3060 (base 12) in base 9?
7180
What is 26306 (base 8) in base 9?
16645
What is 10101100001011 (base 2) in base 16?
2b0b
Convert 101111101 (base 3) to base 9.
11441
Convert 638 (base 12) to base 7.
2435
Convert 23b (base 12) to base 7.
656
What is 3192 (base 10) in base 14?
1240
100310 (base 5) to base 7
12226
What is -340 (base 5) in base 6?
-235
-13400 (base 5) to base 12
-778
5ebb (base 16) to base 15
72bb
Convert -210333 (base 5) to base 2.
-1101100111000
What is 3268 (base 9) in base 5?
34121
What is 2a53a (base 11) in base 6?
532104
Convert 1111100000001 (base 2) to base 13.
37c7
5839 (base 12) to base 2
10011001101101
Convert -8a (base 12) to base 8.
-152
-28416 (base 11) to base 2
-1001110111101111
-7f11 (base 16) to base 4
-13330101
Convert -1320 (base 9) to base 7.
-2613
8989 (base 10) to base 15
29e4
Convert 4463 (base 11) to base 8.
13365
What is 102212 (base 5) in base 9?
4633
Convert 12601 (base 10) to base 12.
7361
Convert -1302 (base 8) to base 11.
-592
Convert -2446 (base 9) to base 4.
-130200
What is -8017 (base 9) in base 10?
-5848
What is -7d6a (base 16) in base 6?
-404350
-100111001101 (base 2) to base 5
-40014
-8b3 (base 13) to base 3
-2001111
Convert -514b (base 12) to base 5.
-240333
What is -24198 (base 11) in base 3?
-1202210011
Convert -208 (base 15) to base 16.
-1ca
Convert 11231 (base 5) to base 14.
424
Convert -1210333 (base 4) to base 5.
-201323
120441 (base 5) to base 6
32452
What is 22240 (base 8) in base 16?
24a0
Convert -12774 (base 8) to base 6.
-42020
Convert -1ba (base 16) to base 11.
-372
What is -80 (base 16) in base 6?
-332
Convert 26d3 (base 14) to base 4.
1223001
What is 125233 (base 6) in base 4?
2310111
-15533 (base 8) to base 7
-26263
13651 (base 12) to base 8
64335
What is 76 (base 16) in base 4?
1312
What is 47274 (base 8) in base 14?
74ba
-13b2 (base 13) to base 4
-230201
What is 5071 (base 14) in base 8?
32773
What is 2375 (base 14) in base 6?
44335
What is -33a (base 15) in base 12?
-50a
Convert -1329 (base 12) to base 11.
-1714
4432232 (base 5) to base 3
10220212222
Convert 539 (base 10) to base 13.
326
What is -5a7 (base 12) in base 13?
-502
What is 180 (base 14) in base 15?
158
Convert -318 (base 9) to base 6.
-1112
-2420 (base 5) to base 15
-190
What is 11111000001010 (base 2) in base 13?
72c9
Convert -7625 (base 14) to base 16.
-4fc1
-13567 (base 11) to base 12
-b214
Convert -3012014 (base 5) to base 9.
-72455
Convert -cc5 (base 14) to base 13.
-11c3
What is 1439 (base 10) in base 6?
10355
9898 (base 12) to base 2
100000110110100
What is -11a8 (base 16) in base 13?
-2099
What is 1540 (base 8) in base 9?
1160
What is -1315 (base 6) in base 4?
-11033
What is -142112 (base 5) in base 15?
-1b3c
What is 211440 (base 5) in base 3?
100202201
Convert b3a (base 12) to base 8.
3136
56108 (base 9) to base 13
13c6a
What is -1434 (base 7) in base 3?
-202220
What is 13530 (base 6) in base 14?
ad0
-7d9 (base 15) to base 12
-1043
Convert -23040 (base 5) to base 14.
-857
What is 13231 (base 4) in base 11?
409
Convert 5614 (base 10) to base 4.
1113232
Convert -20301 (base 5) to base 8.
-2456
624 (base 11) to base 8
1360
-4157 (base 14) to base 6
-124025
3233202 (base 4) to base 12
8a56
31054 (base 6) to base 4
1000222
What is -45513 (base 6) in base 14?
-24cd
What is 15a7 (base 12) in base 16?
a0f
Convert 104 (base 10) to base 14.
76
-55 (base 13) to base 8
-106
22330 (base 5) to base 13
954
111111000110 (base 2) to base 9
5476
What is 1110000010111 (base 2) in base 5?
212231
What is 321 (base 11) in base 14?
1d8
Convert 1120121 (base 3) to base 13.
6a6
648 (base 9) to base 3
201122
-138c (base 13) to base 16
-b04
Convert -4320 (base 6) to base 11.
-815
What is 2412 (base 10) in base 9?
3270
Convert -34004 (base 5) to base 2.
-100101001011
-223211 (base 4) to base 5
-42124
What is -297f (base 16) in base 6?
-121103
110110100 (base 2) to base 9
534
What is -1000111222 (base 3) in base 9?
-30458
Convert -10542 (base 10) to base 9.
-15413
-22818 (base 9) to base 3
-202220122
Convert -3671 (base 12) to base 3.
-22102011
What is -2343 (base 9) in base 15?
-7b0
What is 120022 (base 6) in base 14?
3ad8
Convert -1b2b (base 16) to base 2.
-1101100101011
What is -621 (base 10) in base 5?
-4441
Convert 3321 (base 5) to base 7.
1226
Convert -6676 (base 11) to base 7.
-34433
What is 3091 (base 16) in base 9?
18044
What is 65 (base 11) in base 6?
155
18a (base 16) to base 12
28a
Convert 5433 (base 6) to base 10.
1245
36003 (base 8) to base 12
8a83
What is -11691 (base 14) in base 11?
-299a3
-1300 (base 9) to base 4
-33030
205 (base 10) to base 16
cd
-120220 (base 4) to base 5
-22301
What is -16161 (base 10) in base 16?
-3f21
-211100220 (base 3) to base 9
-24326
a248 (base 11) to base 3
200122212
What is 967 (base 14) in base 5?
24410
What is 4236 (base 7) in base 2?
10111011001
Convert 200121 (base 3) to base 4.
13312
Convert 39ba (base 16) to base 15.
45a3
-576 (base 16) to base 9
-1823
What is -1210 (base 6) in base 9?
-356
-7584 (base 10) to base 2
-1110110100000
What is -440 (base 14) in base 16?
-348
Convert 120 (base 13) to base 5.
1240
-1c73 (base 14) to base 10
-5197
-201100 (base 3) to base 5
-4042
Convert 350 (base 10) to base 9.
428
10011101001 (base 2) to base 4
103221
1558 (base 10) to base 2
11000010110
What is -3446 (base 10) in base 9?
-4648
Convert -1304443 (base 5) to base 4.
-12100113
3a1 (base 12) to base 15
26d
Convert -22450 (base 7) to base 13.
-27ac
254 (base 15) to base 5
4104
What is -333d (base 15) in base 9?
-15804
Convert -318 (base 15) to base 9.
-855
-5424 (base 6) to base 2
-10011011000
What is -5a71 (base 15) in base 12?
-b167
-23441 (base 5) to base 8
-3322
1101001100 (base 2) to base 4
31030
Convert -43e4 (base 16) to base 4.
-10033210
What is -1070 (base 11) in base 10?
-1408
Convert 1a9 (base 13) to base 3.
102102
10330010 (base 4) to base 13
9290
Convert 2443 (base 10) to base 2.
100110001011
What is -220021020 (base 3) in base 11?
-12323
Convert 20144 (base 7) to base 5.
124013
114003 (base 5) to base 14
179b
-6457 (base 8) to base 15
-1000
-ca7 (base 13) to base 9
-2865
29 (base 10) to base 2
11101
2421 (base 8) to base 5
20142
-24710 (base 9) to base 5
-1012424
What is 1042 (base 10) in base 5?
13132
-403 (base 11) to base 7
-1264
Convert 5352 (base 16) to base 4.
11031102
Convert -15a (base 14) to base 9.
-336
Convert -10010101011 (base 2) to base 4.
-102223
What is -2cc (base 16) in base 3?
-222112
Convert -111 (base 7) to base 13.
-45
What is -94 (base 12) in base 5?
-422
What is -1334 (base 5) in base 2?
-11011011
6112 (base 11) to base 13
3908
What is -220222 (base 3) in base 2?
-1010100010
What is -1429 (base 13) in base 5?
-43113
Convert 2023 (base 4) to base 12.
b7
3467 (base 8) to base 15
832
-3685 (base 9) to base 10
-2750
Convert 20010200 (base 3) to base 10.
4473
-244123 (base 6) to base 9
-32626
1242330 (base 5) to base 7
132025
18cf (base 16) to base 11
4854
Convert 1000101000 (base 2) to base 6.
2320
Convert -13132 (base 4) to bas